(-6)/3 - (-6 + 2). Let n = c - -1. Suppose -4*t + 2*y + 18 = 0, 5*t + 2*y - n = -2*y. List the prime factors of t.
3
Suppose 0*j - 4*p = -j - 7, 5*p = 0. List the prime factors of (-128)/j + (-4)/14.
2, 3
Suppose -m = -2*m + 3. Let b be 122/m - 4/6. Suppose -b = -3*y - y. List the prime factors of y.
2, 5
Suppose 3*q - 4*f = 3 + 1, 0 = -2*q + 3*f + 3. Let y = q + 5. Suppose -5*o - y*m + 60 = 0, 21 = -5*o + 2*m + 53. List the prime factors of o.
2
Suppose 2*g - 24 - 94 = 0. What are the prime factors of g?
59
Let q be 8 + -3 + -2 + 0. Suppose -q*b + 4 = -b. What are the prime factors of b?
2
Let a(p) = 2*p**2 - p. Let l be a(-1). Let x = 20 - l. List the prime factors of x.
17
Let o(k) = -6*k - 10. What are the prime factors of o(-4)?
2, 7
Let w = 1 - 1. Suppose -4*j - j + 35 = w. What are the prime factors of j?
7
Let f be (-1)/(-3) + (-170)/6. List the prime factors of (-104)/f - 4/(-14).
2
List the prime factors of (-1)/(-1) - -2 - -34.
37
Let y = -87 + 151. What are the prime factors of y?
2
Let p be 4/2*(-46)/(-4). Let y = p - 11. What are the prime factors of y?
2, 3
Suppose -13*l = -12*l - 20. Let v = l + -2. List the prime factors of v.
2, 3
What are the prime factors of 184/6 - (-2)/(-3)?
2, 3, 5
Suppose s = 2*c - 111, -5*c + 221 = -c - s. Suppose -3*h + c = 2*h. Let f = 24 - h. List the prime factors of f.
13
Let k = 14 + -7. Let u(q) = q - 4. List the prime factors of u(k).
3
Suppose -2*d + 24 = -5*y, -y = d + y + 6. Let k(v) = -v**3 + 2*v**2 - 2*v + 3. Let w be k(d). List the prime factors of w*((-20)/2 - 3).
13
Suppose 37 = -2*b - 49. Let l = -31 - b. What are the prime factors of l?
2, 3
Suppose l = -0 + 2. Suppose 3*n = -l*c + 44, -2*n - 3*c = 2*n - 60. List the prime factors of n.
2, 3
Let r(a) = -a**3 + 17*a**2 - 14*a - 18. What are the prime factors of r(16)?
2, 7
Let s(j) = -j - 1. Suppose -i = -3*m - 16, 0 = m + 4*i + 4 - 3. Let v be s(m). Suppose 2*w - v*w = -18. List the prime factors of w.
3
Let t be 2/6 + 11/3. Let y = 14 - t. List the prime factors of y.
2, 5
Let z(f) = 0*f + 0*f - 3*f + 2*f. What are the prime factors of z(-3)?
3
Let p be ((-18)/(-12))/((-3)/(-8)). Suppose -4*a + 5*i = 6, p*a - i = -2*i + 6. List the prime factors of 44/12 - a/(-3).
2
Let v be 16/(-24)*(-159)/2. Suppose v = -5*k + 253. List the prime factors of k.
2, 5
Let q(f) = -f + 0*f + 6*f**2 - 4*f**2 + f**3. Let c be q(-2). Suppose -w - c*v + 3*v + 16 = 0, -3*v = 5*w - 80. What are the prime factors of w?
2
Let t(n) = n + 8. Let h be t(-6). Suppose q - 41 = -h*j - 8, -147 = -5*q - j. List the prime factors of q.
29
Suppose 0 = 3*a - 6, -3*q - 2*a + 83 = -4*a. List the prime factors of q.
29
Let n be (1 + 21/(-12))*-4. Suppose 4*g - 26 = n*o, -4*o - o = -4*g + 30. What are the prime factors of -2 + 5 + -3 + g?
5
Let f(t) = -1 - 10 + 3*t + 2. What are the prime factors of f(7)?
2, 3
Suppose -h + 5*a = a - 178, -5*h + 941 = -3*a. List the prime factors of h.
2, 5, 19
Suppose 0 = -2*n + 5*n + 12. Let k(g) = -g**2 - 3*g + 3. Let t be k(n). Let h(q) = 6*q**2 - q - 1. What are the prime factors of h(t)?
2, 3
Let a = -1 + 2. Suppose q + 18 = -5*y, -4*y - 15 - a = 0. Suppose 30 = q*v + 3*v. What are the prime factors of v?
2, 3
Suppose 3*d = -z + 171, d = z + 3*d - 174. List the prime factors of z.
2, 3, 5
Suppose -2*o = 2*o - 16. Let q(c) = 2*c - 4. Let u be q(o). Let j = u - 0. List the prime factors of j.
2
Let b = 4 - 23. Let l = b + 37. What are the prime factors of l?
2, 3
Let x(b) = -b + 5. Let u(z) = -z**3 + 3*z**2 + z + 2. Let q be u(3). Let g be x(q). Suppose -3*n + 5*n - 28 = g. What are the prime factors of n?
2, 7
Let f(w) = 9*w - 12. What are the prime factors of f(5)?
3, 11
Let t = -2 + 4. Suppose -2*z = -3*m - 9, -z + t*m = z - 12. What are the prime factors of z?
3
Suppose -3*x - x = -20. List the prime factors of (2/x)/((-8)/(-760)).
2, 19
Let s(u) = u**3 - 27*u + 7. What are the prime factors of s(-5)?
17
What are the prime factors of (126 + -11)*(-2)/(-5)?
2, 23
Let l be (-16)/(-7) + 8/(-28). Suppose -2*c + 51 = 5*y, -4*y + 6 = l. List the prime factors of c.
23
Let d = 22 + -15. What are the prime factors of d?
7
Let z = 755 + -529. List the prime factors of z.
2, 113
Let x = 7 - 3. List the prime factors of x.
2
Let w = 67 - 36. List the prime factors of w.
31
Let x(a) be the third derivative of 4*a**2 + 0 - 1/6*a**3 + 0*a - 5/24*a**4. List the prime factors of x(-2).
3
Let f = -3 - -6. Let s(b) = -4*b**2 - 3*b - 2 - 1 + 0 + b**f. List the prime factors of s(5).
7
Let h(w) = -3*w - 2. Let k be (1 + -2)*(-2 - 5). Suppose -k*l + 3*l - 8 = 0. List the prime factors of h(l).
2
Suppose 5*q + 0 = 10. Suppose -q*y = -68 + 10. List the prime factors of y.
29
Let w = 5 + 0. Let c = w + 3. List the prime factors of c.
2
Let s = -7 + 7. Suppose -75 = -4*h + 2*q - 21, s = 4*q - 4. What are the prime factors of h?
2, 7
Suppose -3 = -4*h + 37. Suppose 2*s - 2*f = 14, 5*s - f - 25 = -6. Suppose -s*g + 14 = -h. List the prime factors of g.
2
Let h = -105 + 176. List the prime factors of h.
71
Let x(z) = -z**2 + 16*z. What are the prime factors of x(9)?
3, 7
Let z be 10/1*(-1)/(-2). Suppose -6*u + z*u = -39. List the prime factors of u.
3, 13
Suppose 0 = 34*c - 28*c - 330. What are the prime factors of c?
5, 11
Suppose 0 = -x + 5*z - 12, 4*x = 5*z - 25 + 7. Let g(f) = -13*f - 4. What are the prime factors of g(x)?
2, 11
Let v(x) = 0*x + 5 - 3*x + 2*x - 10. Let o be v(-7). Suppose -4*a = o - 14, -5*l = -5*a - 50. What are the prime factors of l?
13
Suppose -3*b = -2*b + 4. Let j(y) = 3*y**3 - 2*y**2 - 3*y + 3. Let t(k) = k**3 - k**2 - k + 1. Let g(p) = -4*j(p) + 11*t(p). List the prime factors of g(b).
11
Suppose 3*q - 5*f = 138, 2*q - 114 = -0*q - 4*f. What are the prime factors of q?
3, 17
Let n(h) = -h + 1. Let t be n(-1). Suppose t + 2 = -o. List the prime factors of ((-10)/o)/((-2)/(-4)).
5
Suppose -3*x + 3 = 0, 4*x = g + 4 - 3. Let y(s) = -s**2 + 4*s + 2. List the prime factors of y(g).
5
Let r(f) = 10*f - 10. List the prime factors of r(4).
2, 3, 5
Suppose 6 = -2*w + 4. Let n(y) = y**2 + 2*y + 1. Let x be n(2). What are the prime factors of (x/5)/(w/(-5))?
3
Let i = -10 - -13. What are the prime factors of i?
3
Suppose -4*f + 30 = -98. List the prime factors of f.
2
Let v = -50 + 83. What are the prime factors of v?
3, 11
Let u = 3 - 1. Suppose -u*k = 0, 0*m + 4*k + 1 = -m. What are the prime factors of m - -17 - (2 - -1)?
13
What are the prime factors of 21/(-7) + 25 + 0?
2, 11
Suppose 5*u - 4*h - 34 = 0, -4*u + 2*h - h + 25 = 0. Let a(k) = k - 1. List the prime factors of a(u).
5
Let y = 13 + -10. Suppose 47 = y*d - 58. What are the prime factors of d?
5, 7
Suppose 3*p - g = -0*p + 87, 15 = 5*g. What are the prime factors of p?
2, 3, 5
Suppose 5*x + 14 = -6. Let m(j) = 3*j + 0 - 5 - 6*j. What are the prime factors of m(x)?
7
Let i(y) = 0 + 0 - 1. Let u(b) = -3*b - 14. Let l(c) = -6*i(c) + u(c). What are the prime factors of l(-6)?
2, 5
Let y = -50 + 83. List the prime factors of y.
3, 11
Let c = -99 + 149. Let x = c - 33. List the prime factors of x.
17
Let a(m) = -m + 1. Let h be a(5). Let n = h - 0. What are the prime factors of 1/n - 285/(-20)?
2, 7
Suppose 0 = m - 3*j - 26, 0*m - m + 34 = -5*j. Let w = 0 + m. What are the prime factors of w?
2, 7
Suppose 4*n - 222 = 138. List the prime factors of n.
2, 3, 5
Let m = 31 + 1. What are the prime factors of m?
2
Let p be (2 - 58/4)*4. Let b = p + 83. List the prime factors of b.
3, 11
Let z(t) = t**2 - 17*t - 34. List the prime factors of z(24).
2, 67
Let h = 2 + 0. Suppose v - 3*d - 3 = -0, h = -4*v - 2*d. Suppose -o + v*o = -2. What are the prime factors of o?
2
Let b(m) = -6*m**2 + 7*m + 7. Let k(u) = 4*u**2 - 5*u - 5. Let c(n) = -5*b(n) - 7*k(n). Suppose -3*f = 6 - 3. What are the prime factors of c(f)?
2
What are the prime factors of ((-2)/6)/(3/(-387))?
43
Let h(a) = a + 7. Let v(y) = y + 8. Let s be v(-6). Suppose z + 14 = 3*q, -q = -s*z - 0*q - 13. List the prime factors of h(z).
2
What are the prime factors of 4/(-16)*(-2 + -66)?
17
Let t = 10 - 11. Let a = 11 + t. List the prime factors of a.
2, 5
Suppose 4*u + 3*m = 8*m + 981, 4*u - 971 = -5*m. What are the prime factors of u?
2, 61
Let i(k) = 5*k**3 - 11*k**2 - 4*k - 5. What are the prime factors of i(5)?
5, 13
Let n be 21/4*(